{"id":45,"date":"2020-08-08T17:51:08","date_gmt":"2020-08-08T15:51:08","guid":{"rendered":"https:\/\/wengle.hosting143361.a2e82.netcup.net\/?page_id=45"},"modified":"2020-11-22T13:19:11","modified_gmt":"2020-11-22T12:19:11","slug":"hofladen","status":"publish","type":"page","link":"https:\/\/obsthof-wengle.de\/?page_id=45","title":{"rendered":"Hofladen"},"content":{"rendered":"<p>Wir f\u00fchren saisionales Obst und Gem\u00fcse aus eigenem Anbau, Selbstgebranntes sowie Kressbronner Weine erg\u00e4nzt durch Produkte aus der Region.<\/p>\n<p><strong><span style=\"color: #444444;\"><span style=\"font-family: Lato, Helvetica Neue, Helvetica, sans-serif;\"><span style=\"font-size: large;\"><b>\u00d6ffnungszeiten<\/b><\/span><\/span><\/span><\/strong><\/p>\n<p><span style=\"color: #444444;\"><span style=\"font-family: Lato, Helvetica Neue, Helvetica, sans-serif;\"><span style=\"font-size: large;\"><b>Montag<\/b><b> \u2013 Freitag<\/b><\/span><\/span><\/span><\/p>\n<div class=\"wp-block-image\">\n<figure class=\"alignright size-large is-resized\"><img loading=\"lazy\" decoding=\"async\" class=\"wp-image-88 alignnone\" src=\"https:\/\/wengle.hosting143361.a2e82.netcup.net\/wp-content\/uploads\/hofladen.png\" alt=\"\" width=\"465\" height=\"311\" srcset=\"https:\/\/obsthof-wengle.de\/wp-content\/uploads\/hofladen.png 800w, https:\/\/obsthof-wengle.de\/wp-content\/uploads\/hofladen-300x201.png 300w, https:\/\/obsthof-wengle.de\/wp-content\/uploads\/hofladen-768x514.png 768w\" sizes=\"auto, (max-width: 465px) 100vw, 465px\" \/><\/figure>\n<\/div>\n<p><span style=\"color: #444444;\"><span style=\"font-family: Lato, Helvetica Neue, Helvetica, sans-serif;\"><span style=\"font-size: large;\">08:30 Uhr \u2013 12:30 Uhr<br \/>\n15:00 Uhr \u2013 18:00 Uhr<\/span><\/span><\/span><\/p>\n<p><span style=\"color: #444444;\"><span style=\"font-family: Lato, Helvetica Neue, Helvetica, sans-serif;\"><span style=\"font-size: large;\"><b>Samstag<\/b><br \/>\n08:30 Uhr \u2013 13:00 Uhr<\/span><\/span><\/span><\/p>\n<p>&nbsp;<\/p>\n<h3>Unsere Produkte:<\/h3>\n<p><b>Obst<\/b> &#8211; knackige \u00c4pfel,<br \/>\nBirnen, Kirschen, Himbeeren, Erdbeeren,<br \/>\nJohannesbeeren&#8230;<\/p>\n<p><b>Gem\u00fcse &amp; Salat<\/b> &#8211; Kopfsalat, Spargel,<br \/>\nSchwarzwurzel, Radieschen, Rettich,<br \/>\nKartoffeln, Tomaten, Gurken, Karotten,<img loading=\"lazy\" decoding=\"async\" class=\"wp-image-73 size-medium alignright\" src=\"https:\/\/wengle.hosting143361.a2e82.netcup.net\/wp-content\/uploads\/8780703-201x300.jpg\" alt=\"\" width=\"201\" height=\"300\" srcset=\"https:\/\/obsthof-wengle.de\/wp-content\/uploads\/8780703-201x300.jpg 201w, https:\/\/obsthof-wengle.de\/wp-content\/uploads\/8780703.jpg 301w\" sizes=\"auto, (max-width: 201px) 100vw, 201px\" \/><br \/>\nSuppengem\u00fcse&#8230;<\/p>\n<p><b>Selbstgebrannte Spirituosen<\/b> &#8211;<br \/>\nWilliams, Kirschbrand, Himbeer, Obstler,<br \/>\nverschiedene Lik\u00f6re&#8230;<\/p>\n<p><b>Kressbronner Weine<\/b> &#8211;<br \/>\nWir vertreiben die preisgekr\u00f6nten Bodenseeweine des<br \/>\nBetznauer <a href=\"http:\/\/www.weinbau-rottmar.eu\/\" target=\"_blank\" rel=\"noopener noreferrer\">Winzers Alois Rottmar<\/a>.<\/p>\n<p><b>Jahreszeitliche Dekorationsartikel<\/b> &#8211;<br \/>\npassender Dekoschmuck zu jeder Jahreszeit,<br \/>\nZierk\u00fcrbis, Palmzweige, Weihnachtsb\u00e4ume.<\/p>\n<p><iframe loading=\"lazy\" style=\"border: 0;\" tabindex=\"0\" src=\"https:\/\/www.google.com\/maps\/embed?pb=!4v1597148233373!6m8!1m7!1sCAoSLEFGMVFpcE1mcFhrUnJRMzhWSkJ2eUtqSDhrd0JEOWNpUHltRmxxaGt2ZVBr!2m2!1d47.599842065433!2d9.6033057501685!3f220!4f0!5f0.7820865974627469\" width=\"600\" height=\"450\" frameborder=\"0\" allowfullscreen=\"allowfullscreen\" aria-hidden=\"false\"><\/iframe><\/p>\n<p>&nbsp;<\/p>\n<p><iframe loading=\"lazy\" style=\"border: 0;\" tabindex=\"0\" src=\"https:\/\/www.google.com\/maps\/embed?pb=!4v1597149051243!6m8!1m7!1sCAoSLEFGMVFpcE5VeS1rNnN6bEQzTWhVX1hjSXo5OXZFd2ZZalRpYlBiN0p6b01I!2m2!1d47.599806278119!2d9.6032471674423!3f40!4f10!5f0.7820865974627469\" width=\"600\" height=\"450\" frameborder=\"0\" allowfullscreen=\"allowfullscreen\" aria-hidden=\"false\"><\/iframe><\/p>\n<p>&nbsp;<\/p>\n","protected":false},"excerpt":{"rendered":"<p>Wir f\u00fchren saisionales Obst und Gem\u00fcse aus eigenem Anbau, Selbstgebranntes sowie Kressbronner Weine erg\u00e4nzt durch Produkte aus der Region. \u00d6ffnungszeiten Montag \u2013 Freitag 08:30 Uhr \u2013 12:30 Uhr 15:00 Uhr \u2013 18:00 Uhr Samstag 08:30 Uhr \u2013 13:00 Uhr &nbsp; Unsere Produkte: Obst &#8211; knackige \u00c4pfel, Birnen, Kirschen, Himbeeren, Erdbeeren, Johannesbeeren&#8230; Gem\u00fcse &amp; Salat &#8211; [&hellip;]<\/p>\n","protected":false},"author":1,"featured_media":0,"parent":0,"menu_order":30,"comment_status":"closed","ping_status":"closed","template":"","meta":{"footnotes":""},"class_list":["post-45","page","type-page","status-publish","hentry"],"_links":{"self":[{"href":"https:\/\/obsthof-wengle.de\/index.php?rest_route=\/wp\/v2\/pages\/45","targetHints":{"allow":["GET"]}}],"collection":[{"href":"https:\/\/obsthof-wengle.de\/index.php?rest_route=\/wp\/v2\/pages"}],"about":[{"href":"https:\/\/obsthof-wengle.de\/index.php?rest_route=\/wp\/v2\/types\/page"}],"author":[{"embeddable":true,"href":"https:\/\/obsthof-wengle.de\/index.php?rest_route=\/wp\/v2\/users\/1"}],"replies":[{"embeddable":true,"href":"https:\/\/obsthof-wengle.de\/index.php?rest_route=%2Fwp%2Fv2%2Fcomments&post=45"}],"version-history":[{"count":21,"href":"https:\/\/obsthof-wengle.de\/index.php?rest_route=\/wp\/v2\/pages\/45\/revisions"}],"predecessor-version":[{"id":273,"href":"https:\/\/obsthof-wengle.de\/index.php?rest_route=\/wp\/v2\/pages\/45\/revisions\/273"}],"wp:attachment":[{"href":"https:\/\/obsthof-wengle.de\/index.php?rest_route=%2Fwp%2Fv2%2Fmedia&parent=45"}],"curies":[{"name":"wp","href":"https:\/\/api.w.org\/{rel}","templated":true}]}}