{"id":47,"date":"2020-08-08T17:51:19","date_gmt":"2020-08-08T15:51:19","guid":{"rendered":"https:\/\/wengle.hosting143361.a2e82.netcup.net\/?page_id=47"},"modified":"2020-11-19T18:18:09","modified_gmt":"2020-11-19T17:18:09","slug":"ferienwohnung","status":"publish","type":"page","link":"https:\/\/obsthof-wengle.de\/","title":{"rendered":"Ferienwohnung"},"content":{"rendered":"<p>Herzlich willkommen auf unserem Obsthof in ruhiger Lage mit Sicht in die angrenzenden Obstanlagen und Weinberge.<\/p>\n<p>In unserer gro\u00dfz\u00fcgigen Ferienwohnungen mit eigener K\u00fcche k\u00f6nnen Sie den wohlverdienten Urlaub am Bodensee so richtig genie\u00dfen.<\/p>\n<h3>Zum <a href=\"https:\/\/tportal.toubiz.de\/Kressbronn\/ukv\/house\/FIT00020070626976624\" target=\"_blank\" rel=\"noopener noreferrer\">Buchungs-Portal und Belegungskalender<\/a>.<\/h3>\n<h3><iframe loading=\"lazy\" style=\"border: 0;\" tabindex=\"0\" src=\"https:\/\/www.google.com\/maps\/embed?pb=!4v1597148438150!6m8!1m7!1sCAoSLEFGMVFpcFBOWHFrcWJWbHctYkcwZ01ZR0FTaktMeHg5dkJMYVhpMnJqTmVj!2m2!1d47.599921819079!2d9.6033412836994!3f185.85708451222627!4f-35.67550007669854!5f0.7820865974627469\" width=\"600\" height=\"450\" frameborder=\"0\" allowfullscreen=\"allowfullscreen\" aria-hidden=\"false\"><\/iframe><\/h3>\n<p>&nbsp;<\/p>\n<p>Das Ortszentrum Kressbronn ist bequem zu Fu\u00df zu erreichen, das \u00f6rtliche <a href=\"https:\/\/www.kressbronn.de\/de\/buerger\/kultur-freizeit\/baeder.html\" target=\"_blank\" rel=\"noopener noreferrer\">Strandbad<\/a> und der <a href=\"https:\/\/abenteuerpark.com\/\" target=\"_blank\" rel=\"noopener noreferrer\">Abenteuerpark<\/a> ist 1 KM entfernt.<\/p>\n<p>In unserem <a href=\"https:\/\/wengle.hosting143361.a2e82.netcup.net\/?page_id=45\">Hofladen<\/a> bekommen Sie frische Zutaten f\u00fcr Ihr Abendessen nach einem erlebnisreichen Tag in einer der sch\u00f6nsten <a href=\"https:\/\/www.bodensee.de\/erleben\" target=\"_blank\" rel=\"noopener noreferrer\">Urlaubsgegenden Deutschlands<\/a>.<\/p>\n<p>Durch die beiden getrennten Schlafzimmer ist die Ferienwohnung ideal f\u00fcr Familien mit Kinder.<\/p>\n<p><iframe loading=\"lazy\" style=\"border: 0;\" tabindex=\"0\" src=\"https:\/\/www.google.com\/maps\/embed?pb=!4v1597148356717!6m8!1m7!1sCAoSLEFGMVFpcE5zQ0tSYk5TaGZIbGMtc00yQXh5UVoyOUhzNXZsMFRkRFo5VTZD!2m2!1d47.599968307221!2d9.6033881638714!3f100!4f0!5f0.7820865974627469\" width=\"600\" height=\"450\" frameborder=\"0\" allowfullscreen=\"allowfullscreen\" aria-hidden=\"false\"><\/iframe><\/p>\n<h3><\/h3>\n<p><iframe loading=\"lazy\" style=\"border: 0;\" tabindex=\"0\" src=\"https:\/\/www.google.com\/maps\/embed?pb=!4v1597148005241!6m8!1m7!1sCAoSLEFGMVFpcE1UOE9iM1l6cVl6UEFzM1I3VzJ5d1o2QXBjd1UxR2FlZlBhSmxC!2m2!1d47.599945565647!2d9.6033233400251!3f60!4f0!5f0.7820865974627469\" width=\"600\" height=\"450\" frameborder=\"0\" allowfullscreen=\"allowfullscreen\" aria-hidden=\"false\"><\/iframe><\/p>\n","protected":false},"excerpt":{"rendered":"<p>Herzlich willkommen auf unserem Obsthof in ruhiger Lage mit Sicht in die angrenzenden Obstanlagen und Weinberge. In unserer gro\u00dfz\u00fcgigen Ferienwohnungen mit eigener K\u00fcche k\u00f6nnen Sie den wohlverdienten Urlaub am Bodensee so richtig genie\u00dfen. Zum Buchungs-Portal und Belegungskalender. &nbsp; Das Ortszentrum Kressbronn ist bequem zu Fu\u00df zu erreichen, das \u00f6rtliche Strandbad und der Abenteuerpark ist 1 [&hellip;]<\/p>\n","protected":false},"author":1,"featured_media":0,"parent":0,"menu_order":40,"comment_status":"closed","ping_status":"closed","template":"","meta":{"footnotes":""},"class_list":["post-47","page","type-page","status-publish","hentry"],"_links":{"self":[{"href":"https:\/\/obsthof-wengle.de\/index.php?rest_route=\/wp\/v2\/pages\/47","targetHints":{"allow":["GET"]}}],"collection":[{"href":"https:\/\/obsthof-wengle.de\/index.php?rest_route=\/wp\/v2\/pages"}],"about":[{"href":"https:\/\/obsthof-wengle.de\/index.php?rest_route=\/wp\/v2\/types\/page"}],"author":[{"embeddable":true,"href":"https:\/\/obsthof-wengle.de\/index.php?rest_route=\/wp\/v2\/users\/1"}],"replies":[{"embeddable":true,"href":"https:\/\/obsthof-wengle.de\/index.php?rest_route=%2Fwp%2Fv2%2Fcomments&post=47"}],"version-history":[{"count":19,"href":"https:\/\/obsthof-wengle.de\/index.php?rest_route=\/wp\/v2\/pages\/47\/revisions"}],"predecessor-version":[{"id":247,"href":"https:\/\/obsthof-wengle.de\/index.php?rest_route=\/wp\/v2\/pages\/47\/revisions\/247"}],"wp:attachment":[{"href":"https:\/\/obsthof-wengle.de\/index.php?rest_route=%2Fwp%2Fv2%2Fmedia&parent=47"}],"curies":[{"name":"wp","href":"https:\/\/api.w.org\/{rel}","templated":true}]}}